8378 + -4?
-33a58381
In base 4, what is -3022 + 33320130?
33311102
In base 3, what is -1 + -22221000102202?
-22221000102210
In base 3, what is 110220122 + -21010101?
12210021
In base 13, what is -c0 - -a5693c?
a5684c
In base 15, what is 2e9e5bb8 - 2?
2e9e5bb6
In base 11, what is 5 - -1503a319?
1503a323
In base 4, what is -2332120 + -3113231?
-12112011
In base 7, what is 3415 + 10123?
13541
In base 13, what is -33c78 - -53?
-33c25
In base 10, what is 51996 - 8243?
43753
In base 7, what is -3564161 + -5?
-3564166
In base 13, what is 2156272 + 1?
2156273
In base 12, what is -5201 - -5?
-51b8
In base 13, what is 27733 - -4?
27737
In base 11, what is 80189 + 52?
80230
In base 3, what is -10001111220 - 21210?
-10001210200
In base 4, what is 303303311 - 2213?
303301032
In base 3, what is 212 - -111220001101?
111220002020
In base 16, what is -1 - -84c400e?
84c400d
In base 4, what is 2231111 + -21023?
2210022
In base 11, what is 2a8a9 + -1164?
29745
In base 9, what is 14035 - 10040?
3885
In base 9, what is -4 + 73855112?
73855107
In base 6, what is 344 + -153335?
-152551
In base 2, what is 1001111100 - -1110011110011?
1111101101111
In base 11, what is -26 + 27a58?
27a32
In base 10, what is 23718242 - 5?
23718237
In base 5, what is 42114421010 - 0?
42114421010
In base 5, what is 1244 - 1313423?
-1312124
In base 2, what is -1010011 - -101100000001110110100?
101100000001101100001
In base 11, what is -19 + -73960?
-73979
In base 2, what is 111 - 10000000111011010100110101?
-10000000111011010100101110
In base 9, what is -12865 + 832?
-12033
In base 12, what is 141 - -83a5?
8526
In base 11, what is -44 + 1546088?
1546044
In base 13, what is -24226 + -175?
-2439b
In base 10, what is 12789169 + -8?
12789161
In base 10, what is 20 - -453873?
453893
In base 14, what is 349 + -4083?
-3b38
In base 2, what is 100 + 111101001011111111011010?
111101001011111111011110
In base 3, what is -1010211002011 + -20110?
-1010211022121
In base 7, what is 10210505 - -4?
10210512
In base 7, what is 4 - -36653434?
36653441
In base 10, what is -390370 + -503?
-390873
In base 12, what is 40142 - -144?
40286
In base 16, what is 1 + -6f8748?
-6f8747
In base 16, what is -13 + 6f3f33?
6f3f20
In base 10, what is 59690333 + -2?
59690331
In base 16, what is -1b2 - -70c7?
6f15
In base 4, what is -112120311222 - 0?
-112120311222
In base 5, what is 102 + 3034243310?
3034243412
In base 3, what is -2212 - -1002202000?
1002122011
In base 8, what is -10077 - -723?
-7154
In base 5, what is 4042301 - 22123?
4020123
In base 2, what is 1 + -101001010111101101001000?
-101001010111101101000111
In base 4, what is 2210320 + -102100?
2102220
In base 13, what is -23b1c4a - 4?
-23b1c51
In base 4, what is -312 - -100210130100?
100210123122
In base 15, what is -13 - -a8a2e8?
a8a2d5
In base 12, what is 1996b65 - -1?
1996b66
In base 8, what is -135342546 + -5?
-135342553
In base 4, what is 12022021233 - 22?
12022021211
In base 15, what is 538 - 444c?
-3e14
In base 4, what is 20023 - 112112222?
-112032133
In base 3, what is 101000221 + 122222220?
1001000211
In base 3, what is 122021120020210 - 200?
122021120020010
In base 3, what is -2220120221110111 - 1?
-2220120221110112
In base 8, what is 4043723252 + -2?
4043723250
In base 3, what is 10 + 112021122100200?
112021122100210
In base 14, what is -2cd + 107?
-1c6
In base 10, what is 58975 + -3393?
55582
In base 4, what is 10112023 + -2323?
10103100
In base 3, what is 2122210002010222 + 10?
2122210002011002
In base 14, what is -8 + -29079?
-29083
In base 4, what is -132112311 - -1023?
-132111222
In base 11, what is 2 + -4a67172?
-4a67170
In base 8, what is 327706556 - 10?
327706546
In base 3, what is -1200021012 - -101020011?
-1022001001
In base 6, what is -3 - 1535050242?
-1535050245
In base 15, what is a534 - e4?
a440
In base 10, what is -14752868 + -5?
-14752873
In base 16, what is -f3d - -19144?
18207
In base 14, what is 2d2 - -2633?
2925
In base 11, what is 10446 - -4925?
15270
In base 2, what is 1001110011101000110100 - -1100001?
1001110011101010010101
In base 13, what is 3 - -6287c35?
6287c38
In base 5, what is -1030202011 - 111?
-1030202122
In base 3, what is 11121 + 1200010101?
1200021222
In base 11, what is -926a547 + 1?
-926a546
In base 8, what is 3655 + 325733?
331610
In base 16, what is -ed2b0b - -1?
-ed2b0a
In base 4, what is -33102 - 130023?
-223131
In base 5, what is 30323230 - 2440?
30320240
In base 16, what is 3da8dc + -1?
3da8db
In base 4, what is 11230032300312 - -2?
11230032300320
In base 7, what is -31632 + 565?
-31034
In base 8, what is -611237262 + -6?
-611237270
In base 10, what is 1441 - -7314?
8755
In base 10, what is -1964751 - 33?
-1964784
In base 7, what is 541 - 1200263?
-1166422
In base 9, what is 157 - -1705173?
1705341
In base 10, what is 31 - 1425594?
-1425563
In base 7, what is 1403456 + -5?
1403451
In base 8, what is -462 - -311150?
310466
In base 2, what is 1010000000010 + -10010000100000?
-1000000011110
In base 10, what is -1579 - -17440?
15861
In base 9, what is -5 - 17626604?
-17626610
In base 6, what is 13412200515 - 10?
13412200505
In base 8, what is 10 - 117455452?
-117455442
In base 6, what is 334 - 2502143?
-2501405
In base 16, what is -3 - 1f6aa66?
-1f6aa69
In base 5, what is 140 - 12430133?
-12424443
In base 15, what is 2d387b + b?
2d3887
In base 7, what is -154530404 + -3?
-154530410
In base 8, what is -67363021 + -6?
-67363027
In base 16, what is 4 + 5b700fa?
5b700fe
In base 15, what is -9a + -15321?
-153bb
In base 6, what is 22 + 11404052?
11404114
In base 13, what is 4 + -12cb4c?
-12cb48
In base 4, what is 331001100 + -33103?
330301331
In base 11, what is -16315200 - -4?
-163151a7
In base 8, what is 103545701 + -1?
103545700
In base 5, what is -44234 - -3342?
-40342
In base 14, what is 21d - 4456?
-4237
In base 14, what is -3603 + -1d281?
-22884
In base 5, what is 10404224 - 410?
10403314
In base 11, what is 427000 + -57?
426a54
In base 15, what is -66298ec + -5?
-6629902
In base 11, what is 55146494 + -8?
55146487
In base 10, what is -330748 + 182?
-330566
In base 8, what is 56764 - 41636?
15126
In base 15, what is 4d05b8 + 0?
4d05b8
In base 5, what is 30424 + -4301240?
-4220311
In base 16, what is -1c4 - 9477?
-963b
In base 3, what is 12110011112 + 10002?
12110021121
In base 4, what is -123 - 10312333132?
-10312333321
In base 10, what is 18 + -568890?
-568872
In base 14, what is -113bc7 + 0?
-113bc7
In base 5, what is 10 - 244312220?
-244312210
In base 16, what is -108 + -49bd5?
-49cdd
In base 14, what is -5d5bb + 95?
-5d526
In base 9, what is -13274 - 7606?
-21881
In base 12, what is 0 + 770192b?
770192b
In base 3, what is 11210020222110 - 121?
11210020221212
In base 11, what is 41865a + 927?
419486
In base 12, what is -5 + -2783880?
-2783885
In base 10, what is -24 - 1369125?
-1369149
In base 13, what is -21a5 - 267?
-243c
In base 13, what is -41a49 - -3409?
-3b640
In base 12, what is -1ba1 - 11aa77?
-120a58
In base 5, what is 12220 - 4224232?
-4212012
In base 2, what is -11010001110110001000001100 + 10010?
-11010001110110000111111010
In base 12, what is 849724 + -15?
84970b
In base 13, what is -4cbc + -141c?
-640b
In base 14, what is -21b25d + 2?
-21b25b
In base 14, what is -2 - -263449?
263447
In base 9, what is -668 - -1580?
811
In base 13, what is 73c96c35 + 2?
73c96c37
In base 7, what is 11042 - 33601?
-22526
In base 12, what is -11a6119 + -8?
-11a6125
In base 4, what is 21030221112 - -2111?
21030223223
In base 3, what is -21221011110 - -101211222?
-21112022111
In base 2, what is 11001001110010001010101111 - 101?
11001001110010001010101010
In base 16, what is 1095f + -210?
1074f
In base 5, what is -21 - 1421041133?
-1421041204
In base 15, what is 8ee7b - 217?
8ec64
In base 4, what is 1102100 - -11311?
1120011
In base 9, what is 135 - -675127?
675263
In base 4, what is 221113001321 - 0?
221113001321
In base 4, what is -112111 - 10012302?
-10131013
In base 12, what is 8a1 + -ba684?
-b99a3
In base 12, what is -4 + 3634309?
3634305
In base 10, what is 1 - -3114596?
3114597
In base 2, what is 101101 - 10001001100111010010?
-10001001100110100101
In base 4, what is -2301031 + -12110?
-2313201
In base 16, what is 4 - -18f2a65d?
18f2a661
In base 4, what is 20122110201 + -10?
20122110131
In base 6, what is -1 